on divisor of z and y.
4
Let h be (-42*4)/(5/5). Let b be ((-4)/7)/(12/h). What is the highest common factor of 88 and b?
8
Let k(g) = 5*g**2 + 2*g + 3. Let t be k(-1). Calculate the greatest common divisor of 15 and t.
3
Suppose -g - 3*l - 10 = 0, 5*g + 2*l = l + 20. Let u = -120 + 160. What is the greatest common factor of g and u?
5
Let w be -15 - -44 - 1/1. What is the highest common factor of w and 4?
4
Let h(k) = k**2 - 5*k + 5. Let q be h(4). Suppose -4*d + 2*m + 40 = 0, -m + 36 = d + 4*d. What is the highest common divisor of d and q?
1
Let h(q) = -5*q + 4. Let i be h(-9). Let g = i + -14. Calculate the greatest common factor of g and 7.
7
Suppose 4 = -2*x - 4. Let t(w) = -w**2 - 4*w + 4. Let i be t(x). Let u(g) = g**3 - g**2 - g + 12. Let m be u(0). What is the highest common divisor of i and m?
4
Let j(g) = 2*g - 3. Let m be j(-5). Let b = m - -61. What is the highest common factor of 16 and b?
16
Suppose -3*n + 2*v = -2, -n - 4*v = -7*v + 11. Calculate the greatest common divisor of n and 6.
2
Let h be (-3 - -2)/(1/(-12)). Calculate the highest common factor of h and 24.
12
Let g(i) = i + 9. Let k be g(-3). What is the greatest common factor of 15 and k?
3
Let k = 106 - 70. Calculate the greatest common factor of k and 24.
12
Let a be ((-224)/42)/((-2)/6). Suppose 462 + 18 = 3*g. Suppose -s + 3*s = g. Calculate the greatest common factor of s and a.
16
Let v(p) = 2*p + 8. Let z be v(0). Let s be (1 - 2)/((-1)/24). What is the greatest common factor of z and s?
8
Let v be 1/(-2) + (-182)/(-4). Let n(c) = c**2 - c + 2. Let r be n(-7). Suppose 3*k - r = -4. Calculate the highest common factor of v and k.
9
Let f be 68/6 - (-8)/12. Let d(x) = -2 + 3*x - 2*x + 2 + 2. Let w be d(10). What is the greatest common factor of w and f?
12
Suppose -2*u = 4*o - 304, -5*u + 619 = -u - 3*o. Let w = -9 + 20. Suppose w + 31 = 3*v. What is the greatest common factor of u and v?
14
Let a(b) = -6 - 5 + 2*b - 1. Let x be a(10). Calculate the greatest common divisor of x and 64.
8
Let u be (4*(2 - 1))/2. Let q be u - 32/(6/(-3)). Suppose 0 = 2*h - 0*h - q. Calculate the greatest common factor of h and 9.
9
Let m(g) = -g**2 - 9*g - 8. Let y be m(-5). What is the greatest common factor of y and 18?
6
Let u be -2 - -3 - -8 - 1. Calculate the highest common factor of u and 24.
8
Suppose -2*g + 90 = -g. Suppose 0 = -a + 6*a - g. What is the highest common divisor of a and 12?
6
Let x = 319 - 19. What is the greatest common divisor of 12 and x?
12
Let x(i) = 7*i + 11. Let s be x(-9). Let f = 116 + s. Calculate the greatest common divisor of f and 8.
8
Suppose -30 + 0 = -5*k. What is the greatest common divisor of k and 126?
6
Suppose 5*l - 2*l = 0. Let z(o) = o + 27. Let q be z(l). Suppose 4*a - 16 - 6 = -2*f, -5*f + 46 = a. What is the greatest common factor of f and q?
9
Let q be 1/(-1) + (15 - 3). Let p = q + -1. Suppose -p + 0 = -5*d. What is the highest common divisor of d and 1?
1
Suppose 3 = 3*o + 24. Let f = 7 + o. Suppose f = l - 11 - 1. Calculate the highest common factor of 24 and l.
12
Suppose 63 = s - 124. Suppose -4*q = -6 - 6. Let h be (-34)/(q/3 + -3). What is the greatest common divisor of s and h?
17
Suppose 3*f = 2*f + 504. Suppose 0 = -2*z - z + f. What is the highest common divisor of 21 and z?
21
Suppose -2*k + 3*j + 1 = -5, k - 2*j = 2. Let f = 10 - k. Suppose -z = f*g - 2*z - 14, 3*z = -2*g. What is the highest common factor of g and 3?
3
Suppose -2*l + 3*d = 2*l - 11, 5*d - 5 = -5*l. Let p be 1 - (l - (-2 - -4)). Let z be 2 + (6/p - 0). Calculate the greatest common factor of z and 88.
8
Let r(c) = -c + 4. Let t be r(-5). Suppose -n + 33 = t. Suppose 5*q + 149 = 4*h, -q = -h - 5*q + 32. What is the highest common divisor of h and n?
12
Suppose 5*r + 3*t = -24 + 76, 20 = 2*r + 2*t. Let y(s) = -2*s - 9. Let u be y(-7). Suppose 0 = -u*a + 161 + 334. What is the highest common divisor of r and a?
11
Suppose 0 = -3*w - 120 + 156. Calculate the highest common factor of 228 and w.
12
Suppose 0*d + 39 = 3*d. Let c = -118 + 235. Suppose 0 = k + 2*k - c. Calculate the highest common factor of k and d.
13
Let p = -6 + 5. Let y = p - -2. Let m be (y/3)/((-3)/(-72)). Calculate the highest common divisor of m and 72.
8
Let a(y) = 5*y**2 - 4*y + 3. Let r be a(2). Suppose -40 - r = -5*q. What is the greatest common factor of q and 22?
11
Suppose -6*w + w = -b - 93, -2*w + 34 = -2*b. What is the greatest common divisor of 19 and w?
19
Let j(q) = -q**3 - q**2 - 3*q. Let g be j(-3). Calculate the greatest common factor of 36 and g.
9
Let i = 15 + -14. What is the highest common factor of i and 2?
1
Let x = -65 - -154. Let c = x + -53. Calculate the highest common factor of c and 9.
9
Suppose -2*d + 7*d - 50 = 0. Suppose -4*x + 26 + d = 0. Calculate the highest common factor of x and 18.
9
Let k = 43 - 19. What is the highest common divisor of k and 3?
3
Let h = -31 + 211. What is the highest common factor of 20 and h?
20
Let j(u) = u**3 + u - 1. Let i be j(0). Let w be i + 22/(-4)*-2. Suppose -55 = -4*g - 15. Calculate the highest common divisor of g and w.
10
Suppose -8*q + 10*q - 22 = 0. Let y = 158 + -101. Let b be 4*(y/12 - 2). Calculate the greatest common divisor of b and q.
11
Suppose -950 = -9*k + 715. What is the highest common factor of k and 74?
37
Let h be -1*(-2 + -1 + 0). Suppose -h*w + x + 7 = -x, -5*x = w - 8. Suppose 6 = -3*f + 5*f, 3*m = f + 15. What is the highest common factor of m and w?
3
Let k be (-40)/15*6/(-4). Let z(g) = -2*g + 4. Let m be z(k). Let h(q) = 2*q**2 + 4*q - 5. Let v be h(m). Calculate the greatest common factor of 44 and v.
11
Suppose 4*f - 22 = 18. Suppose -2*z + 173 = 163. Calculate the greatest common divisor of f and z.
5
Let a(h) = -h + 30. Let u be a(0). Suppose 18 = m - 2*c, 5*c + 50 = 3*m - 0*c. Suppose -l + m = -0*l. What is the highest common factor of l and u?
10
Let q = -25 - -15. Let u = q - -25. Calculate the greatest common divisor of u and 6.
3
Suppose t = -2*p + 4, 0 = -t + p + 19. Calculate the greatest common factor of 98 and t.
14
Suppose 5*g - 90 + 45 = 0. What is the greatest common divisor of 108 and g?
9
Let x = -41 - -122. Let u be (-2)/(-3) - 30/(-9). Let h = 5 + u. What is the greatest common factor of h and x?
9
Suppose 5*f - 14 = 6. Let c be 20/f + (-9)/(-3). What is the greatest common divisor of c and 2?
2
Let n be 542/9 + 6/(-27). Let f be 3/(3/2 - 0). Suppose -i + n = f*i. What is the highest common factor of i and 4?
4
Suppose 136 = -5*j + 476. Let l = j + 55. Let h = l - 67. What is the greatest common divisor of h and 8?
8
Let k be 40/6 + (-10)/(-30). Calculate the greatest common divisor of k and 14.
7
Let f = -1 + 5. Let l = f + -3. Let h be l/(-3)*(-24)/2. Calculate the greatest common factor of 16 and h.
4
Let s(f) = f**3 + 13*f**2 + f + 15. Let b be s(-13). Suppose b*z + z = 63. What is the highest common divisor of z and 14?
7
Let v(h) be the third derivative of 11*h**6/30 - h**5/60 + h**4/24 + 2*h**2. Let c be v(1). Calculate the greatest common divisor of 22 and c.
22
Let f(o) = -o**3 - 7*o**2 - 5. Let b be f(-7). Let s be ((-2)/b)/(3/45). Calculate the highest common divisor of 48 and s.
6
Let g be (-5)/(-10) - (-126)/4. Calculate the greatest common divisor of 32 and g.
32
Let z(r) = 4*r**2 + r. Suppose 2 = t - 3*t. Let m be z(t). What is the highest common factor of 21 and m?
3
Let f(s) = -s - 2. Let d be f(-5). Let i(g) = 4*g**2 - 1 + 3 - d*g + g**3 - 2*g. Let n be i(-5). What is the greatest common factor of 6 and n?
2
Let n(x) = -x - 11. Let v be n(-6). Let s = 11 + v. Suppose -4*o - 3*a + 81 = 0, 0*o - 4*a + 100 = 5*o. Calculate the greatest common divisor of s and o.
6
Suppose 4*n - 3*q - 32 = -6*q, 2*q - 8 = 0. Suppose 2 - 12 = -n*g. What is the greatest common divisor of 14 and g?
2
Let n = 7 + -7. Suppose -4*h + 660 - 220 = n. What is the highest common factor of h and 10?
10
Let a = 40 - 14. Let u(y) = y + 65. Let o be u(0). Let r be o + 1 - 1 - 0. What is the greatest common divisor of a and r?
13
Let n = -32 + 68. What is the highest common divisor of 54 and n?
18
Let l be 0 - 4 - (1 - (-3 - -28)). What is the greatest common divisor of 50 and l?
10
Let n(q) = -q**2 - 9*q + 3. Let d be n(-9). Calculate the highest common divisor of 21 and d.
3
Suppose -4